{"id":410,"date":"2025-10-28T10:54:06","date_gmt":"2025-10-28T10:54:06","guid":{"rendered":"http:\/\/3w.ffsr.fr\/?page_id=410"},"modified":"2025-11-04T15:05:25","modified_gmt":"2025-11-04T15:05:25","slug":"adhesion","status":"publish","type":"page","link":"https:\/\/3w.ffsr.fr\/index.php\/adhesion\/","title":{"rendered":"Adh\u00e9sion"},"content":{"rendered":"\n<p class=\"has-text-align-center\">Vous voulez cr\u00e9er ou avez d\u00e9j\u00e0 un club de supporters de rugby ?<br>Nous sommes l\u00e0 pour vous aider.<\/p>\n\n\n\n<div class=\"wp-block-group alignfull has-global-padding is-layout-constrained wp-container-core-group-is-layout-d0ca1c1d wp-block-group-is-layout-constrained\" style=\"margin-top:0;margin-bottom:0;padding-top:var(--wp--preset--spacing--50);padding-bottom:var(--wp--preset--spacing--50)\">\n<div class=\"wp-block-columns alignwide is-layout-flex wp-container-core-columns-is-layout-08a2a807 wp-block-columns-is-layout-flex\">\n<div class=\"wp-block-column is-vertically-aligned-center is-layout-flow wp-block-column-is-layout-flow\">\n<figure class=\"wp-block-image size-full\"><img loading=\"lazy\" decoding=\"async\" width=\"1080\" height=\"1080\" src=\"http:\/\/3w.ffsr.fr\/wp-content\/uploads\/2025\/10\/FFSR-Supporters-Rugby-Adhesion.jpg\" alt=\"\" class=\"wp-image-337\" srcset=\"https:\/\/3w.ffsr.fr\/wp-content\/uploads\/2025\/10\/FFSR-Supporters-Rugby-Adhesion.jpg 1080w, https:\/\/3w.ffsr.fr\/wp-content\/uploads\/2025\/10\/FFSR-Supporters-Rugby-Adhesion-300x300.jpg 300w, https:\/\/3w.ffsr.fr\/wp-content\/uploads\/2025\/10\/FFSR-Supporters-Rugby-Adhesion-1024x1024.jpg 1024w, https:\/\/3w.ffsr.fr\/wp-content\/uploads\/2025\/10\/FFSR-Supporters-Rugby-Adhesion-150x150.jpg 150w, https:\/\/3w.ffsr.fr\/wp-content\/uploads\/2025\/10\/FFSR-Supporters-Rugby-Adhesion-768x768.jpg 768w\" sizes=\"auto, (max-width: 1080px) 100vw, 1080px\" \/><\/figure>\n<\/div>\n\n\n\n<div class=\"wp-block-column is-vertically-aligned-center is-layout-flow wp-block-column-is-layout-flow\">\n<h2 class=\"wp-block-heading has-accent-1-color has-text-color has-link-color has-xx-large-font-size wp-elements-639cfe90d7cf57a773d5e7e8c55970eb\"><strong>LES BONNES RAISONS D&rsquo;ADHERER<\/strong><\/h2>\n\n\n\n<ul style=\"margin-top:var(--wp--preset--spacing--40);margin-bottom:var(--wp--preset--spacing--40);padding-left:var(--wp--preset--spacing--30)\" class=\"wp-block-list is-style-checkmark-list\">\n<li class=\"has-medium-font-size\"><strong>COMMUNAUTE : <\/strong>int\u00e9grez notre r\u00e9seau des associations de supporters pour les rencontres &amp; le partage<\/li>\n\n\n\n<li class=\"has-medium-font-size\"><strong>CENTRALE D\u2019ACHATS : <\/strong>achetez vos produits supporters et personnels \u00e0 prix de gros, n\u00e9goci\u00e9s au national<\/li>\n\n\n\n<li class=\"has-medium-font-size\"><strong>BILLETTERIE<\/strong> : acc\u00e9dez aux matchs des \u00e9quipes de France &amp; des phases finales Top14 \/ ProD2 en places group\u00e9es<\/li>\n\n\n\n<li class=\"has-medium-font-size\"><strong>EVENEMENTS<\/strong> : d\u00e9couvrez les Journ\u00e9es du Support\u00e9risme \u00e0 Marcoussis, le Congr\u00e8s annuel , etc\u2026<\/li>\n\n\n\n<li class=\"has-medium-font-size\"><strong>ASSISTANCE<\/strong> : b\u00e9n\u00e9ficiez de notre soutien et conseil dans tous les domaines: juridique, logistique, s\u00e9curit\u00e9, fiscalit\u00e9, &#8230;<\/li>\n<\/ul>\n\n\n\n<div style=\"height:25px\" aria-hidden=\"true\" class=\"wp-block-spacer\"><\/div>\n\n\n\n<div class=\"wp-block-buttons is-content-justification-center is-layout-flex wp-container-core-buttons-is-layout-a89b3969 wp-block-buttons-is-layout-flex\">\n<div class=\"wp-block-button has-custom-width wp-block-button__width-50\"><a class=\"wp-block-button__link wp-element-button\" href=\"http:\/\/3w.ffsr.fr\/index.php\/adhesion-assoconnect\/\"><strong>J&rsquo;adh\u00e8re<\/strong><\/a><\/div>\n<\/div>\n<\/div>\n<\/div>\n<\/div>\n\n\n\n<div style=\"height:50px\" aria-hidden=\"true\" class=\"wp-block-spacer\"><\/div>\n","protected":false},"excerpt":{"rendered":"<p>Vous voulez cr\u00e9er ou avez d\u00e9j\u00e0 un club de supporters de rugby ?Nous sommes l\u00e0 pour vous aider. LES BONNES RAISONS D&rsquo;ADHERER<\/p>\n","protected":false},"author":1,"featured_media":0,"parent":0,"menu_order":0,"comment_status":"closed","ping_status":"closed","template":"","meta":{"h5ap_radio_sources":[],"footnotes":""},"class_list":["post-410","page","type-page","status-publish","hentry"],"jetpack_sharing_enabled":true,"_links":{"self":[{"href":"https:\/\/3w.ffsr.fr\/index.php\/wp-json\/wp\/v2\/pages\/410","targetHints":{"allow":["GET"]}}],"collection":[{"href":"https:\/\/3w.ffsr.fr\/index.php\/wp-json\/wp\/v2\/pages"}],"about":[{"href":"https:\/\/3w.ffsr.fr\/index.php\/wp-json\/wp\/v2\/types\/page"}],"author":[{"embeddable":true,"href":"https:\/\/3w.ffsr.fr\/index.php\/wp-json\/wp\/v2\/users\/1"}],"replies":[{"embeddable":true,"href":"https:\/\/3w.ffsr.fr\/index.php\/wp-json\/wp\/v2\/comments?post=410"}],"version-history":[{"count":25,"href":"https:\/\/3w.ffsr.fr\/index.php\/wp-json\/wp\/v2\/pages\/410\/revisions"}],"predecessor-version":[{"id":1662,"href":"https:\/\/3w.ffsr.fr\/index.php\/wp-json\/wp\/v2\/pages\/410\/revisions\/1662"}],"wp:attachment":[{"href":"https:\/\/3w.ffsr.fr\/index.php\/wp-json\/wp\/v2\/media?parent=410"}],"curies":[{"name":"wp","href":"https:\/\/api.w.org\/{rel}","templated":true}]}}