{"id":3036,"date":"2026-03-10T13:28:37","date_gmt":"2026-03-10T13:28:37","guid":{"rendered":"https:\/\/3w.ffsr.fr\/?page_id=3036"},"modified":"2026-03-10T13:30:41","modified_gmt":"2026-03-10T13:30:41","slug":"petanque","status":"publish","type":"page","link":"https:\/\/3w.ffsr.fr\/index.php\/petanque\/","title":{"rendered":"Petanque"},"content":{"rendered":"\n<p class=\"has-text-align-center has-accent-1-color has-text-color has-link-color has-large-font-size wp-elements-6703d2805a907f7a507a8952569fc5c9\">Inscrivez-vous maintenant <strong>et AVANT SAMEDI<\/strong> au concours de p\u00e9tanque molle de Marcoussis (13h30>14h30). Cr\u00e9ez votre \u00e9quipe (de 2 ou 3 joueurs) \ud83c\udf81 Le (tr\u00e8s beau) cadeau \u00e0 gagner sera d\u00e9voil\u00e9 samedi matin pendant la conf\u00e9rence.<\/p>\n\n\n\n<div style=\"height:20px\" aria-hidden=\"true\" class=\"wp-block-spacer\"><\/div>\n\n\n<div class=\"wp-block-jetpack-contact-form\"><a href=\"https:\/\/3w.ffsr.fr\/index.php\/petanque\/\" target=\"_blank\" rel=\"noopener noreferrer\">Soumettre un formulaire.<\/a><\/div>\n\n\n<div style=\"height:50px\" aria-hidden=\"true\" class=\"wp-block-spacer\"><\/div>\n","protected":false},"excerpt":{"rendered":"<p>Inscrivez-vous maintenant et AVANT SAMEDI au concours de p\u00e9tanque molle de Marcoussis (13h30>14h30). Cr\u00e9ez votre \u00e9quipe (de 2 ou 3 joueurs) \ud83c\udf81 Le (tr\u00e8s beau) cadeau \u00e0 gagner sera d\u00e9voil\u00e9 samedi matin pendant la conf\u00e9rence.<\/p>\n","protected":false},"author":1,"featured_media":0,"parent":0,"menu_order":0,"comment_status":"closed","ping_status":"closed","template":"","meta":{"h5ap_radio_sources":[],"footnotes":""},"class_list":["post-3036","page","type-page","status-publish","hentry"],"jetpack_sharing_enabled":true,"_links":{"self":[{"href":"https:\/\/3w.ffsr.fr\/index.php\/wp-json\/wp\/v2\/pages\/3036","targetHints":{"allow":["GET"]}}],"collection":[{"href":"https:\/\/3w.ffsr.fr\/index.php\/wp-json\/wp\/v2\/pages"}],"about":[{"href":"https:\/\/3w.ffsr.fr\/index.php\/wp-json\/wp\/v2\/types\/page"}],"author":[{"embeddable":true,"href":"https:\/\/3w.ffsr.fr\/index.php\/wp-json\/wp\/v2\/users\/1"}],"replies":[{"embeddable":true,"href":"https:\/\/3w.ffsr.fr\/index.php\/wp-json\/wp\/v2\/comments?post=3036"}],"version-history":[{"count":4,"href":"https:\/\/3w.ffsr.fr\/index.php\/wp-json\/wp\/v2\/pages\/3036\/revisions"}],"predecessor-version":[{"id":3040,"href":"https:\/\/3w.ffsr.fr\/index.php\/wp-json\/wp\/v2\/pages\/3036\/revisions\/3040"}],"wp:attachment":[{"href":"https:\/\/3w.ffsr.fr\/index.php\/wp-json\/wp\/v2\/media?parent=3036"}],"curies":[{"name":"wp","href":"https:\/\/api.w.org\/{rel}","templated":true}]}}